5*n. What is the units digit of n?
2
Suppose 3*a + 4 = -q + a, -5*a - 15 = 0. Let w(g) be the first derivative of 5*g**3/3 + g**2/2 - 1. What is the tens digit of w(q)?
2
Let k(i) = 1 - 8*i**3 + 18*i**3 - 14*i**3. Let r be k(-1). Suppose -r*p = -89 - 76. What is the units digit of p?
3
Let t be (-2432)/(-14) - (-38)/133. Suppose t = 5*x + 2*d, 2*d = x - 3*x + 66. What is the tens digit of x?
3
Suppose -3*o = -2*f + 4913, o + 4912 = 2*f - 3*o. What is the tens digit of f?
5
Suppose 2*k - 1170 = -258. What is the units digit of k?
6
Suppose -3*i + 4*m + 9192 = -8856, -4*m = 3*i - 18072. What is the hundreds digit of i?
0
Let c = -2299 + 3300. What is the hundreds digit of c?
0
Suppose -3 = -2*r + 5. What is the tens digit of 35 + 0 - (1 - r)?
3
Let y(g) be the third derivative of g**5/120 + 3*g**4/8 - g**3/6 - 3*g**2. Let i(v) be the first derivative of y(v). What is the units digit of i(7)?
6
Let x(o) = o**2 + 1. Let d(z) = 27*z**2 + 2. Let j(k) = d(k) - 5*x(k). What is the tens digit of j(2)?
8
Let o(j) = 44*j - 4. Let q be o(3). Suppose -3*w + 10 + q = 0. What is the tens digit of w?
4
Let m = -18 - -23. Suppose 2*u - 258 = m*c, 3*u - 8 = u. Let v = 112 + c. What is the tens digit of v?
6
Suppose 58 + 0 = d. What is the tens digit of d?
5
Let q(m) = -m**3 - 17*m**2 - 24*m - 33. What is the tens digit of q(-16)?
9
Let a(s) = s**3 - 2*s**2 + 2*s - 2. Let w be a(2). Suppose -3*z = -2*d + 134, 0 = -2*d - 0*d - w*z + 124. What is the units digit of d?
4
Let l be (-4)/(-5) - (-22)/110. What is the tens digit of (-4)/(-1) - (-19 - l)?
2
Let g be ((-2)/(-3))/((-4)/(-6)). Let o = g + 67. What is the tens digit of o?
6
Let a be 222/27 - 6*(-4)/(-108). Let j(o) = 34*o - 37. What is the units digit of j(a)?
5
Let r be 8/2 + 0 + -1. Suppose 2*m = -2*n - 79 - 205, 0 = m - r*n + 142. Let d = -60 - m. What is the tens digit of d?
8
Suppose -19 = 2*b + 19. What is the tens digit of 98/4 + b/38?
2
Let u(l) = l**3 - 14*l**2 + 8*l - 14. Let c be u(10). Let b = c + 475. What is the tens digit of b?
4
Suppose -5*h = -5*r - h + 26, 0 = -r + 5*h + 22. Suppose 5*b + 65 = -5*d, 0*d = -4*b + r*d - 22. What is the units digit of (-8)/(-2 + b/(-5))?
0
Let p = 2 + 35. What is the units digit of p?
7
Let w = 307 + -123. Suppose 3*v = -2*a + w, v - 3*a = -2*v + 189. What is the tens digit of v?
6
Let v = -39 - -43. Suppose 15 = -3*c, -143 = -2*i - v*c + 73. What is the units digit of i?
8
Let o = -9 + 7. Let q be -1 - (o - -4 - -4). What is the units digit of (-1 - q)/(3/10)?
0
What is the hundreds digit of (13*2)/(8/668)?
1
Let z be 1 - (-7391)/3 - (-14)/(-21). Suppose 18*y - 2*y = z. What is the units digit of y?
4
Suppose -460 = -3*d + 4*n + 168, 0 = 2*d + 5*n - 434. What is the tens digit of d?
1
Suppose -3*n + 401 = 2*x - 0*n, -3*x = 2*n - 604. What is the units digit of x?
2
Suppose 4*p + 5*c - 9*c = 0, -p - 4*c + 15 = 0. Suppose 0 = -p*d + 5*q + 263, -2*d + q - 239 = -5*d. What is the tens digit of d?
8
Suppose -2*q = -q - 4*l, 0 = 4*q - l. Let o(d) = -5*d + 3*d + 17 + 3*d - d**2. What is the tens digit of o(q)?
1
Let c = 13 + -13. Suppose c = 4*z + 29 + 7. Let r = z + 38. What is the tens digit of r?
2
Suppose -c + r - 12 = 4*r, 0 = -4*c - 5*r - 20. What is the tens digit of 1/(c - 2/(-50))?
2
Let f = -75 - -116. Let g = -8 + f. What is the units digit of g?
3
Let q(d) = 5*d**2 - 5*d + 16. What is the thousands digit of q(-21)?
2
Let m(w) = 126*w**2 - 2*w. Let q be m(-2). Suppose -7*c + 3*p = -2*c - q, 0 = -2*p - 2. What is the tens digit of c?
0
Let m be ((-10)/3)/(2*5/(-15)). Suppose m*x - 231 + 91 = -2*i, 4*i = -4*x + 100. What is the units digit of x?
0
Let s be (-11)/(44/56) + 2. What is the units digit of s/(-30) + (-318)/(-5)?
4
Suppose 17*y - 5788 = 13*y - 4*u, 0 = y + 4*u - 1453. What is the units digit of y?
5
Let q = -9 - -16. Let b be 2 + 12 - (-3 - (-5 - 1)). Suppose q = -2*o + b. What is the units digit of o?
2
What is the hundreds digit of 15/15 - (-834)/3?
2
Let h be 640/2 - (11 - 11) - -3. Suppose -25 = -3*u + h. What is the tens digit of u?
1
Let k(o) = -7*o**2 - 2*o + 1. Let n be k(1). Let d = 94 - n. What is the hundreds digit of d?
1
Let h(p) = -2*p**3 - 4*p - 2*p + p**3 + 4*p**2 + 2*p + 3. Let v be h(3). Suppose 5*z - 8 - 12 = v, 2*z - 12 = -2*m. What is the units digit of m?
2
Suppose 21*u + 130356 = 75*u. What is the hundreds digit of u?
4
Let i = 1153 + -299. What is the hundreds digit of i?
8
Suppose -4*c + 2*c + 10 = 0. What is the hundreds digit of (c/(-4))/(3/(-576))?
2
Suppose -5*h = 5*n - 30 - 0, 5*h + 20 = 5*n. What is the tens digit of (3 - 201/(-15))*n?
8
Let g(y) = -3*y**3 - 3*y**2 - y + 3. Let u(d) = -d**3 - d**2. Let k(z) = g(z) - 4*u(z). What is the tens digit of k(3)?
3
Suppose 0 = -17*w + 14584 - 3857. What is the hundreds digit of w?
6
Suppose 7*o - 1912 = 3*o. What is the hundreds digit of o?
4
Suppose -o - 1810 = -3*o. Let s = -605 + o. Suppose s = 2*x + 4*x. What is the units digit of x?
0
Suppose -a - 3*r - 5 = 11, a - 4*r = 19. Let i be a/2*(3 - -7). Let j = -1 - i. What is the units digit of j?
4
Let c = 2 + 0. Suppose 0 = c*j - 4*g - 4, -3*j - g = g + 2. What is the tens digit of (j - -1)*38/2?
1
What is the units digit of -2*(-9191)/(-52)*-6?
1
Let t = -32 + 35. Suppose -t*j = 23 - 236. What is the units digit of j?
1
Let k = 103 - 97. Let f(r) = 3 + 4*r - 5 + r**3 - 4*r**2 - 2*r**2. What is the units digit of f(k)?
2
Let i(q) = 124*q**2 + 76*q - 482. What is the tens digit of i(6)?
3
Suppose -4*b + 4*x = -96, -9*b + 20 = -8*b - 5*x. What is the units digit of b?
5
Suppose k + 4 = -3*q, 5*q + 0*q - 40 = 5*k. Let j = k - -3. What is the units digit of (-3 - 15/j)*24?
8
Let r(w) = 70*w**2 - 8*w + 28. What is the hundreds digit of r(3)?
6
Suppose 0 = 2*w - 10, 0*z - 3*z = -4*w + 8. Suppose 0 = -g - 4*l - 10, g - l = 1 + z. Suppose g = 2*x - 20. What is the tens digit of x?
1
Suppose -10*v + 55*v = 39105. What is the tens digit of v?
6
Suppose 3*p = -p + 7568. What is the hundreds digit of p?
8
Let g(r) = 585*r**2 - 2. What is the units digit of g(-1)?
3
Suppose -l - 8 = 3*m, 4 = 2*m - 6*m - 3*l. What is the units digit of m/10 - 52/(-5)?
0
Suppose 0 = s - 3*u + 42 + 13, -4*s - 186 = 5*u. Let k = -85 - s. What is the units digit of (-1 + 5)*(-405)/k?
5
Let i be 2/(((-6)/(-9))/((-2)/6)). What is the units digit of (i/(-3))/(3/54)?
6
Suppose 0 = -27*f + 16*f + 3751. Let u = f - 158. What is the tens digit of u?
8
Let r(z) = -z**3 + 18*z**2 + 24*z + 28. Suppose 5*c - 60 = 35. What is the units digit of r(c)?
3
Let x = -1 + 3. Suppose -a + 78 = x*a. What is the units digit of a?
6
Suppose -2*m + 66 = m. Let a be m/4 - (-4)/(-8). Suppose -13*s + a*s + 296 = 0. What is the units digit of s?
7
Suppose 42*i = 27*i + 25245. What is the units digit of i?
3
Let i(t) be the first derivative of t**2/2 + 3. Let n be i(2). What is the units digit of 7 + ((-6)/(-1))/n?
0
Let b = 16 - 20. Let l be (-4810)/(-70) - b/14. Let u = -49 + l. What is the units digit of u?
0
Let f(d) = d**2 + d + 6. Let a be 2/((-1)/1) - -2. Let g be f(a). What is the units digit of (-3)/2*(-32)/g?
8
Suppose -v + 23 + 34 = 0. What is the units digit of v - (13 + 2)/5?
4
Suppose w + 27 = -u, 2*u - 129 = 4*w - u. What is the tens digit of 4/w - 1448/(-60)?
2
Let w(o) = o**2 - 9*o + 11. Let c be w(8). Suppose -2*n = -n + c. Let q(r) = -2*r**3 - 4*r**2 + 2*r + 3. What is the tens digit of q(n)?
1
Suppose 11*t + 3 = 10*t. Suppose -2*b + b + m + 61 = 0, b - 4*m = 76. What is the tens digit of 0 + t/((-12)/b)?
1
Let n(i) = -i**3 + 4*i**2 - 3*i + 2. Suppose -4*f = -13 + 1. Let q be n(f). Suppose 3*c + 72 = 3*v, c + 0*c - 33 = -q*v. What is the tens digit of v?
1
Let f be 124/14 + (-27)/(-189). Let j(i) = 17*i + 22. What is the tens digit of j(f)?
7
Let x = 29 - 23. Suppose 7*p = x*p + 17. What is the units digit of p?
7
Let f(c) = c - 15. Let j be f(11). Let y be -1 + (j - -9) + -4. Suppose 4*h + 84 = m + 20, y = -5*m + 4*h + 272. What is the units digit of m?
2
Suppose -2900 = -3*w - 8. What is the tens digit of w?
6
Suppose -8*m = -12*m + 12. Suppose -m*w = -7*w - 4. What is the units digit of (w + -2)*-1 + 64?
7
Let m = 14 - 15. Let q be 3*-1*(2 + m). Let n(w) = 4*w**2 - w - 4. What is the units digit of n(q)?
5
Let i(v) = -385*v - 191. What is the thousands digi